{"id":36,"date":"2025-05-26T13:14:42","date_gmt":"2025-05-26T13:14:42","guid":{"rendered":"https:\/\/kaplankadinsagligi.com\/?page_id=36"},"modified":"2025-06-02T11:22:21","modified_gmt":"2025-06-02T11:22:21","slug":"idrar-kacirma","status":"publish","type":"page","link":"https:\/\/kaplankadinsagligi.com\/index.php\/idrar-kacirma\/","title":{"rendered":"\u0130drar Ka\u00e7\u0131rma"},"content":{"rendered":"\n<p>\u0130drar ka\u00e7\u0131rma, inkontinans olarak da bilinen bir durumdur ve bir\u00e7ok ki\u015fiyi etkileyebilir. \u0130drar ka\u00e7\u0131rma tedavisi, altta yatan nedenlere ba\u011fl\u0131 olarak de\u011fi\u015fiklik g\u00f6sterebilir.<\/p>\n\n\n\n<h5 class=\"wp-block-heading\">\u0130drar ka\u00e7\u0131rma tedavisi genellikle \u015fu \u015fekilde ele al\u0131n\u0131r:<\/h5>\n\n\n\n<p><strong>Ya\u015fam Tarz\u0131 De\u011fi\u015fiklikleri:<\/strong><\/p>\n\n\n\n<ul class=\"wp-block-list\">\n<li><strong>Pelvik Taban Egzersizleri (Kegel Egzersizleri):<\/strong>\u00a0Pelvik taban kaslar\u0131n\u0131 g\u00fc\u00e7lendirmek i\u00e7in yap\u0131lan bu egzersizler, idrar ka\u00e7\u0131rma problemini iyile\u015ftirebilir.<\/li>\n\n\n\n<li><strong>S\u0131v\u0131 \u0130\u00e7me Al\u0131\u015fkanl\u0131klar\u0131:<\/strong>\u00a0\u0130drar ka\u00e7\u0131rma sorunu ya\u015fayan ki\u015filere s\u0131v\u0131 al\u0131m\u0131 konusunda \u00f6nerilerde bulunmak ve \u00f6zellikle gece saatlerinde s\u0131v\u0131 al\u0131m\u0131n\u0131 s\u0131n\u0131rlamak faydal\u0131 olabilir.<\/li>\n<\/ul>\n\n\n\n<p><strong>Fizik Tedavi:<\/strong><\/p>\n\n\n\n<ul class=\"wp-block-list\">\n<li><strong>Pelvik Fizyoterapi:<\/strong>\u00a0Pelvik taban kaslar\u0131n\u0131 g\u00fc\u00e7lendirmek ve kontrol etmek amac\u0131yla pelvik fizyoterapi uygulanabilir.<\/li>\n<\/ul>\n\n\n\n<p><strong>\u0130la\u00e7lar:<\/strong><\/p>\n\n\n\n<ul class=\"wp-block-list\">\n<li>\u0130drar ka\u00e7\u0131rma sorunlar\u0131na y\u00f6nelik baz\u0131 ila\u00e7lar, mesane kaslar\u0131n\u0131 g\u00fc\u00e7lendirmeye veya kontrol etmeye yard\u0131mc\u0131 olabilir.<\/li>\n<\/ul>\n\n\n\n<p><strong>Cerrahi M\u00fcdahale:<\/strong><\/p>\n\n\n\n<ul class=\"wp-block-list\">\n<li>Baz\u0131 durumlarda, \u00f6zellikle pelvik organ sarkmas\u0131 veya idrar ka\u00e7\u0131rma sorunlar\u0131na neden olan anormallikler durumunda cerrahi m\u00fcdahale gerekebilir.<\/li>\n<\/ul>\n\n\n\n<p><strong>Davran\u0131\u015f Terapisi:<\/strong><\/p>\n\n\n\n<ul class=\"wp-block-list\">\n<li>Baz\u0131 durumlarda, davran\u0131\u015f terapisi teknikleri, idrar al\u0131\u015fkanl\u0131klar\u0131n\u0131 d\u00fczeltmeye ve kontrol etmeye yard\u0131mc\u0131 olabilir.<\/li>\n<\/ul>\n\n\n\n<p><strong>Elektriksel Uyar\u0131m ve Biofeedback:<\/strong><\/p>\n\n\n\n<ul class=\"wp-block-list\">\n<li>Elektrotlar ve sens\u00f6rler kullan\u0131larak pelvik taban kaslar\u0131n\u0131 g\u00fc\u00e7lendirmek ve kontrol etmek amac\u0131yla bu teknikler kullan\u0131labilir.<\/li>\n<\/ul>\n\n\n\n<p><strong>\u0130ntravajinal ve \u0130ntram\u00fcsk\u00fcler Tedaviler:<\/strong><\/p>\n\n\n\n<ul class=\"wp-block-list\">\n<li>Baz\u0131 durumlarda, mesane i\u00e7ine veya pelvik taban kaslar\u0131na yap\u0131lan enjeksiyonlar, idrar ka\u00e7\u0131rma sorunlar\u0131n\u0131 tedavi etmek amac\u0131yla kullan\u0131labilir.<\/li>\n\n\n\n<li><\/li>\n<\/ul>\n\n\n\n<div style=\"text-align: center;\">\n  <a href=\"https:\/\/wa.me\/905367248829?text=Merhaba%2C%20web%20sitesinden%20ula\u015f\u0131yorum\" target=\"_blank\" rel=\"noopener noreferrer\" style=\"display:inline-block;padding:10px 20px;background:#25D366;color:#fff;border-radius:5px;text-decoration:none;font-weight:bold;\">\n    \ud83d\udcf1 Bize WhatsApp\u2019tan Ula\u015f\u0131n\n  <\/a>\n<\/div>\n","protected":false},"excerpt":{"rendered":"<p>\u0130drar ka\u00e7\u0131rma, inkontinans olarak da bilinen bir durumdur ve bir\u00e7ok ki\u015fiyi etkileyebilir. \u0130drar ka\u00e7\u0131rma tedavisi, altta yatan nedenlere ba\u011fl\u0131 olarak de\u011fi\u015fiklik g\u00f6sterebilir. \u0130drar ka\u00e7\u0131rma tedavisi genellikle \u015fu \u015fekilde ele al\u0131n\u0131r: Ya\u015fam Tarz\u0131 De\u011fi\u015fiklikleri: Fizik Tedavi: \u0130la\u00e7lar: Cerrahi M\u00fcdahale: Davran\u0131\u015f Terapisi: Elektriksel Uyar\u0131m ve Biofeedback: \u0130ntravajinal ve \u0130ntram\u00fcsk\u00fcler Tedaviler: \ud83d\udcf1 Bize WhatsApp\u2019tan Ula\u015f\u0131n<\/p>\n","protected":false},"author":1,"featured_media":285,"parent":0,"menu_order":0,"comment_status":"closed","ping_status":"closed","template":"","meta":{"footnotes":""},"class_list":["post-36","page","type-page","status-publish","has-post-thumbnail","hentry"],"_links":{"self":[{"href":"https:\/\/kaplankadinsagligi.com\/index.php\/wp-json\/wp\/v2\/pages\/36","targetHints":{"allow":["GET"]}}],"collection":[{"href":"https:\/\/kaplankadinsagligi.com\/index.php\/wp-json\/wp\/v2\/pages"}],"about":[{"href":"https:\/\/kaplankadinsagligi.com\/index.php\/wp-json\/wp\/v2\/types\/page"}],"author":[{"embeddable":true,"href":"https:\/\/kaplankadinsagligi.com\/index.php\/wp-json\/wp\/v2\/users\/1"}],"replies":[{"embeddable":true,"href":"https:\/\/kaplankadinsagligi.com\/index.php\/wp-json\/wp\/v2\/comments?post=36"}],"version-history":[{"count":2,"href":"https:\/\/kaplankadinsagligi.com\/index.php\/wp-json\/wp\/v2\/pages\/36\/revisions"}],"predecessor-version":[{"id":287,"href":"https:\/\/kaplankadinsagligi.com\/index.php\/wp-json\/wp\/v2\/pages\/36\/revisions\/287"}],"wp:featuredmedia":[{"embeddable":true,"href":"https:\/\/kaplankadinsagligi.com\/index.php\/wp-json\/wp\/v2\/media\/285"}],"wp:attachment":[{"href":"https:\/\/kaplankadinsagligi.com\/index.php\/wp-json\/wp\/v2\/media?parent=36"}],"curies":[{"name":"wp","href":"https:\/\/api.w.org\/{rel}","templated":true}]}}